12
Let b(f) be the third derivative of f**5/60 + f**4/8 + f**3/3 + f**2 - 9*f. Let c(h) = h**2 + 4*h. Let k be c(-2). Give b(k).
6
Let k(s) be the second derivative of -s**4/12 + s**3/6 + s**2 - 3*s. Let d(i) = i**2 - 5*i + 1. Let c be d(5). Let z be -2*c*9/(-6). Determine k(z).
-4
Let p(b) = b**2 - 5*b. Let t(l) = 0 - 2*l**2 + 5*l - 3 + l**3 - 4*l**2 + 7. Let k be t(5). What is p(k)?
-4
Let g be (-43)/(-2) - (-3)/6. Suppose -5*d + 4*t + 25 = 0, 3*d - 4*t - g = d. Let v(i) = 2*i + 1. Give v(d).
3
Let p(h) be the second derivative of h - 7/6*h**3 + 0 + 2/3*h**4 - 1/20*h**5 - 1/2*h**2. Determine p(7).
-1
Let m(x) = -x - 7. Let i be m(-7). Suppose 7*u - 5*u + 4 = i. Let o(t) = t**2 - t - 1. Determine o(u).
5
Suppose 0 = 2*x + 4 - 0, -3*k - x - 2 = 0. Suppose k*d + d = 0. Let g(l) = l + 4 + l + d*l - l. Determine g(-3).
1
Let u(a) = a**3 + 5*a**2 + 3*a. Let m be 6 + (-1)/((-3)/(-6)). Let z = 4 - m. Suppose 0 = -z*d + 2*d + 8. Determine u(d).
4
Let o = 2 + 3. Suppose 0*x + o*x = -10. Let a(c) = c**3 + c**2. Let y(u) = -4*u**3 - 5*u**2 - 2*u - 2. Let t(g) = -3*a(g) - y(g). Give t(x).
-2
Let l(j) = 2 - 3 - 9*j + 0. Let b be 3 + -1 + (0 - 3). What is l(b)?
8
Suppose 4*w = -3*v - 3, -3*w = 3*v - 0*v. Let r(y) = y**2 - y - 1. Determine r(w).
11
Let o(u) = -u**2 - 2*u + 2. Let t(q) = -7*q + 1. Let k be t(2). Let f be (-300)/78 + 2/k. Calculate o(f).
-6
Let p(f) = -5*f + 3. Let y(h) = -6*h + 4. Let m(j) = 5*p(j) - 4*y(j). What is m(-4)?
3
Let y(k) = -5*k + k**2 - 7*k**2 - 2 - 8*k**3 + 7*k**3. Determine y(-5).
-2
Suppose 0 = g - 4. Let s(z) = 4 - z**2 - 2*z - 2*z + 0*z**2 + 2*z**2. What is s(g)?
4
Let h = 9 + 7. Let d = 10 - h. Let l(y) = y + 4. Calculate l(d).
-2
Suppose t - 2 = -0. Let r(f) = t*f**2 + f + f + f**3 - 4*f - 2. Let j(y) = -2*y**3 - 2*y + 1. Let w be j(1). Give r(w).
-5
Let f(a) = -a**3 + 5*a**2 - a - 1. Suppose v = 2*v - 4. What is f(v)?
11
Let u(l) = -l**3 - 3*l**2 + 4*l. Let v(n) = -n - 6. Let p be v(-6). Suppose 0 = -2*r - p*r - 8. Calculate u(r).
0
Let s(d) = 0*d**2 - 7*d + 6 + 6*d - d**2. Let h be s(-3). Let g(p) = p**2 + p + 5. Calculate g(h).
5
Let d(g) = -g**3 - g**2 - 3. Let u(b) = 2*b**3 + 2*b**2 - b + 6. Let x(w) = -5*d(w) - 3*u(w). Suppose 6 = -2*q - 0*q. Determine x(q).
6
Suppose -2 + 6 = 2*o. Let q be o - (-3 - 0/2). Let r = -10 + q. Let n(d) = d**3 + 6*d**2 + 3*d - 6. Give n(r).
4
Let o(q) = -q**3 - 11*q**2 + 11*q - 11. Let w be o(-12). Let i(n) = 6*n. Calculate i(w).
6
Let r(s) be the second derivative of -s**5/20 - s**4/4 + s**3/3 - s**2 + 6*s. Let u(w) = 3*w**3 + 5*w**2 - 3*w + 4. Let a(m) = 5*r(m) + 2*u(m). Determine a(3).
-8
Let u(c) = c**2 - 1. Suppose -4*d = a + 20, -a = a + 3*d + 15. Give u(a).
-1
Let d(b) = 3*b**3 - b**2. Suppose 0 = -3*f - 4 + 7. Let y be d(f). Let w(o) = 5 + 2 - 4*o - 4 - y*o**3 + 4*o**2. What is w(2)?
-5
Let u = 4 + -6. Let p = u - -6. Let w(i) = -i**2 + 3*i - 2. Determine w(p).
-6
Let o(q) = -4*q - 4*q - 3 - 10*q + 15*q. Give o(-2).
3
Let o(n) = 2*n**2 + 4*n + 2. Let c(r) = 5*r**2 + 8*r + 3. Let m(z) = -z**2. Let h(g) = -c(g) - 2*m(g). Let f(s) = 3*h(s) + 5*o(s). Give f(3).
-2
Let w(a) = a - 2. Let i be w(6). Suppose 5*x - 22 = -3*d, -x - 3*d = -5*x - i. Let t(l) = l**3 - 2*l**2 + 2*l + 1. What is t(x)?
5
Let u(q) = 2*q**2 - 3*q. Suppose -4*h = -3*h. Suppose 6 + h = 3*l. Let b be u(l). Let j(d) = 5*d - 3. Give j(b).
7
Let v be -2 - 1 - 1 - -2. Let x = v - -4. Let f(g) = -4*g**2 - 4 - 1 - g**3 + 6*g - x. What is f(-5)?
-12
Let k(d) be the second derivative of d**3/6 - d**2 + 2*d. What is k(4)?
2
Let v(d) = -11*d - 2. Let a(k) = -6*k - 1. Let n(j) = -5*a(j) + 3*v(j). Calculate n(-1).
2
Let y(g) = -2 - 1 + 2 + 0 - 3*g. Let l be y(-2). Let r(n) = 7*n**2 - 9*n - 3. Let m(f) = -8*f**2 + 10*f + 3. Let p(k) = 6*m(k) + 7*r(k). Calculate p(l).
7
Let r = 9 - 13. Let l(j) = 3*j - 11. Let m(o) = -o + 6. Let x(a) = 2*l(a) + 5*m(a). Determine x(r).
4
Let b(r) = 7*r + 2. Let w(i) = -13*i - 3. Let k(g) = 7*b(g) + 4*w(g). Suppose 3 = f - 0. Suppose 2*t = -f*t - 2*u + 15, 2*u - 12 = -4*t. Calculate k(t).
-7
Let o(f) = f**2 + f + 1. Suppose 3*s + 51 + 0 = 0. Let x = s - -24. Let k = x - 10. Determine o(k).
7
Let k(j) = 2*j**2 + 2*j - 6. Let s be k(0). Let m(w) = -w**2 + 5. Calculate m(s).
-31
Let l(u) be the third derivative of 1/2*u**3 + 4*u**2 + 0 - 1/24*u**4 + 0*u. Give l(3).
0
Let o(n) be the first derivative of n**4/4 + 2*n**3/3 + n**2 + 3*n + 4. What is o(-2)?
-1
Let l(y) = -y**3 - 2*y**2 - 4*y - 3. Suppose -3*o + 5 = -4*f, 5*f + 15 = -4*o + 1. Let q be l(f). Let m(t) = -1 - 2*t + q*t - 4*t + t**2. Give m(2).
1
Let c(l) = -9*l. Suppose -4*b + 17 = 5*k - 4*k, -b = 5*k - 9. What is c(k)?
-9
Let m(l) = 11*l + l + 7 - 7*l - 4*l. Determine m(-6).
1
Let t = -8 - -14. Let q(u) = 7*u + 11. Let v(c) = -8*c - 12. Let s(a) = t*q(a) + 5*v(a). Determine s(-6).
-6
Suppose 1 = -5*k + 4*b + 7, -4 = -k - 2*b. Let a(o) be the first derivative of 1/2*o**k - 2*o + 2. What is a(4)?
2
Let h(m) = -4*m - 10. Let z(s) = s + 1. Let f(l) = h(l) + 5*z(l). Let o = -14 - -16. Suppose -w = o*w - 9. Give f(w).
-2
Suppose -4*u = -5*u + 17. Let h = 12 - u. Let f(d) be the first derivative of -d**3/3 - 3*d**2 - d - 1. Calculate f(h).
4
Suppose q - 3 = 2*q. Let a(o) be the third derivative of o**5/120 - o**4/8 + o**3/6 + o**2. Let l(g) be the first derivative of a(g). Calculate l(q).
-6
Let d(x) = 8*x + 9. Let w(t) = 7*t + 9. Let h(v) = -v - 19. Let m be h(-13). Let r(o) = m*w(o) + 5*d(o). What is r(-6)?
3
Let d(t) be the second derivative of -5/6*t**3 - 1/2*t**2 - 2*t + 0. Suppose 4 = -6*m + 4*m. Give d(m).
9
Let s = -15 - -21. Suppose 16 = 4*o - 0*o. Let j(b) = 4*b**2 - 3 - 2*b**2 + o*b - s*b. Determine j(3).
9
Let m(z) = 0*z**2 + 1 - z**2 - 3 + z. Let d be 6/(-3) + (2 - 0). Give m(d).
-2
Suppose -2 = -i - 4. Let j be (-5)/(-2)*36/45. Let g(m) = -m + m + 0*m - m**j + 1. Determine g(i).
-3
Let b(m) be the second derivative of -m**5/20 - m**4/12 + m**3/2 - m**2 + 42*m. Give b(2).
-8
Let g be (1/(-1))/(1/(-5)). Let c(y) = 7*y + 10. Let i(j) = -8*j - 11. Let k(u) = g*c(u) + 4*i(u). Determine k(-6).
-12
Let d(q) = 2*q**2 + 3*q + 2. Let o be d(-2). Let i(c) = -6*c + c + c**2 + 0*c**2 + 0*c**2 - o. Determine i(6).
2
Let q(u) = -5*u - 1. Let y(w) = -w - 3. Let m be y(0). Let k be (0 - (-5 - m)) + -3. Calculate q(k).
4
Suppose 5*d + 3 = 5*k + 18, 4*k = -d - 2. Let y be 0*d/(-4) + 5. Let n(i) = 4*i + 2 - 6*i**2 - 9 + 2*i + i**3. What is n(y)?
-2
Suppose 2*f = -3*f. Let o(x) = x**2 - 3 + f + 2 - x + 2. Give o(3).
7
Let d(a) = -a - 4. Let n be d(-2). Let q(i) = 6*i**3 - 15*i**2 - 5*i + 11. Let s(b) = b**3 - 3*b**2 - b + 2. Let l(g) = 2*q(g) - 11*s(g). Give l(n).
2
Let t(p) = p**3 + 8*p**2 + 5*p - 3. Let o be t(-7). Suppose 7 + o = -3*a. Let j(z) = -3*z - 9. Give j(a).
9
Let g(i) = -2*i**2 + i - 2. Suppose -33 = -3*n - 27. Determine g(n).
-8
Let d(y) = -y**2 + 5*y - 3. Let q be ((-30)/(-14) - 3)*-7. Let j be 96/(-9)*q/4. Let p be (j/(-40))/((-2)/(-10)). Calculate d(p).
3
Let x(m) = -m. Let o(p) = 2*p - 36 + 20 + p**2 + 19. Let k(q) = o(q) - 2*x(q). Give k(-5).
8
Let v(l) = -l**2 + 8*l + 15. Let t be v(9). Let f(x) = x**2 - 6*x + 4. Determine f(t).
4
Let d(r) = -r**2 - 5*r + 3. Let y(m) = -m**2 + 3*m + 4. Let s be y(-2). Let f be d(s). Let c(b) = -b**2 - 6*b + 3. Determine c(f).
12
Let l(q) be the first derivative of q**4/4 - 2*q**3 + q + 10. Give l(6).
1
Suppose h + 1 = -3*a, 4*a - 4*h + h - 3 = 0. Let t(m) = -4 + m + m**2 - 4*m + a*m. Calculate t(5).
6
Let h(j) = -j**2 + 5*j + 2 + 3 + 1 + 2*j**2. Suppose -5*d - s - 20 = 0, 9 = -4*d - s - 6. Determine h(d).
6
Let n(a) = a + 15. Let x be n(-12). Let u(p) be the third derivative of -1/3*p**x + 3*p**2 + 0*p + 0 + 1/12*p**4. Determine u(5).
8
Let x(t) be the third derivative of -t**6/120 + t**5/15 + 5*t**3/6 - 2*t**2. Let n be x(4). Let z(m) = -1 + 0 + m + n*m. Give z(-1).
-7
Let k(i) = i**3 - 4*i**2 - 4*i - 4. Let h be k(5). Suppose -t - 2*a = -0*a + 1, 4*a = -12. Let m(p) = -2 + t*p**2 + 3 + 0. Give m(h).
6
Let l(o) = o**3 - 2*o**2 - o + 2. Suppose -2*w + 4*h = -12, w + 6 = -5*h - 2. What is l(w)?
0
Let z(f) be the third derivative of 0 - 1/2*f**3 + 4*f**2 + 0*f + 1/60*f**5 + 5/24*f**4. What is z(-4)?
-7
Let y(d) be the second derivative of -d**5/20 + 5*d. Determine y(0).
0
Let m(c) be the first derivat